
Does 16 divide 4925578?
False
Is 1699783 a multiple of 5?
False
Does 149 divide 6415728?
False
Is 20 a factor of 6220?
True
Is 513717 a multiple of 55?
False
Does 44 divide 103366?
False
Is 8 a factor of 187015?
False
Is 1679138 a multiple of 422?
True
Is 78617 a multiple of 325?
False
Does 29 divide 1817733?
False
Is 28064 a multiple of 8?
True
Does 24 divide 49585?
False
Does 219 divide 2522223?
True
Does 112 divide 99904?
True
Does 55 divide 741785?
True
Is 2277080 a multiple of 58?
True
Does 37 divide 336071?
True
Does 485 divide 513615?
True
Is 394809 a multiple of 38?
False
Is 1779266 a multiple of 5?
False
Does 90 divide 2875500?
True
Is 227487 a multiple of 981?
False
Is 105476 a multiple of 4?
True
Is 448 a factor of 343168?
True
Is 10 a factor of 5535310?
True
Is 245272 a multiple of 86?
True
Is 9 a factor of 2372811?
False
Does 23 divide 519984?
True
Does 6 divide 4531774?
False
Does 23 divide 259641?
False
Is 281 a factor of 33935?
False
Is 19 a factor of 1342725?
False
Does 157 divide 1488203?
True
Is 186124 a multiple of 4?
True
Is 418592 a multiple of 22?
False
Is 331 a factor of 909109?
False
Does 95 divide 141886?
False
Is 67 a factor of 1876469?
True
Is 28612 a multiple of 141?
False
Is 1696575 a multiple of 7?
False
Is 52 a factor of 10077652?
True
Does 93 divide 151801?
False
Is 27 a factor of 12582?
True
Is 632480 a multiple of 59?
True
Is 24 a factor of 163416?
True
Is 5 a factor of 303535?
True
Is 8 a factor of 697666?
False
Is 256 a factor of 431730?
False
Is 44366 a multiple of 13?
False
Does 478 divide 1037738?
True
Is 23 a factor of 687930?
True
Is 334 a factor of 4986736?
False
Is 4542862 a multiple of 38?
True
Does 35 divide 604036?
False
Is 160 a factor of 2092962?
False
Is 967 a factor of 1269966?
False
Is 853220 a multiple of 26?
False
Does 139 divide 3892?
True
Is 333771 a multiple of 12?
False
Is 7343568 a multiple of 1602?
True
Is 47 a factor of 3217103?
True
Is 7314257 a multiple of 11?
False
Is 37841 a multiple of 36?
False
Is 12 a factor of 119663?
False
Does 23 divide 357397?
True
Is 183660 a multiple of 107?
False
Is 6 a factor of 6100500?
True
Does 147 divide 1441482?
True
Does 58 divide 551794?
False
Is 15 a factor of 13957920?
True
Does 49 divide 1878660?
True
Is 12 a factor of 134100?
True
Is 561322 a multiple of 86?
True
Is 234646 a multiple of 23?
True
Is 33 a factor of 135531?
True
Is 12 a factor of 46709?
False
Does 753 divide 299694?
True
Is 12 a factor of 3283416?
True
Is 23 a factor of 78614?
True
Is 372 a factor of 3491964?
True
Is 316 a factor of 3052876?
True
Does 15 divide 818170?
False
Is 6 a factor of 52967?
False
Is 17 a factor of 495022?
False
Is 49 a factor of 1895068?
False
Does 305 divide 32635?
True
Does 5 divide 14050?
True
Is 67 a factor of 44823?
True
Is 303 a factor of 1228836?
False
Is 5 a factor of 390084?
False
Is 326060 a multiple of 14?
True
Is 40 a factor of 168598?
False
Is 396040 a multiple of 43?
False
Is 2238012 a multiple of 84?
True
Is 116 a factor of 13594483?
False
Is 208367 a multiple of 245?
False
Does 5 divide 2456540?
True
Does 268 divide 60393?
False
Is 1389066 a multiple of 204?
False
Does 16 divide 1575823?
False
Is 5013887 a multiple of 324?
False
Does 494 divide 120285?
False
Is 393317 a multiple of 202?
False
Is 28609 a multiple of 39?
False
Is 167 a factor of 119238?
True
Is 140436 a multiple of 83?
True
Is 16 a factor of 385838?
False
Is 42 a factor of 88169?
False
Is 8 a factor of 11237973?
False
Does 33 divide 14124?
True
Is 116095 a multiple of 107?
True
Is 19 a factor of 753811?
False
Does 268 divide 276844?
True
Does 118 divide 1002764?
True
Does 282 divide 1844280?
True
Is 40 a factor of 1719240?
True
Is 7 a factor of 693460?
False
Is 90236 even?
True
Does 69 divide 527919?
True
Is 63 a factor of 150069?
False
Does 81 divide 653832?
True
Is 60 a factor of 17422860?
True
Is 90 a factor of 44464?
False
Does 923 divide 10318733?
False
Does 13 divide 3102483?
False
Is 49 a factor of 6584142?
False
Does 18 divide 154165?
False
Is 87 a factor of 177767?
False
Is 235 a factor of 358610?
True
Is 27333 a multiple of 235?
False
Is 371 a factor of 2411129?
True
Does 177 divide 48852?
True
Is 16 a factor of 19832897?
False
Does 701 divide 4250163?
True
Is 7 a factor of 36133?
False
Is 1415 a factor of 5937340?
True
Does 73 divide 299174?
False
Is 213 a factor of 4334976?
True
Is 14 a factor of 1545238?
False
Is 31652 a multiple of 3?
False
Is 294 a factor of 564377?
False
Does 30 divide 10590?
True
Is 4 a factor of 58424?
True
Does 99 divide 1924903?
False
Is 46 a factor of 220722?
False
Is 591138 a multiple of 348?
False
Is 545664 a multiple of 609?
True
Does 47 divide 8272?
True
Is 19319128 a multiple of 77?
False
Is 827288 a multiple of 79?
True
Is 3237377 a multiple of 13?
True
Is 33659 a multiple of 4?
False
Does 6 divide 39895?
False
Is 2477474 a multiple of 142?
True
Is 89712 a multiple of 4?
True
Is 241 a factor of 219551?
True
Is 74 a factor of 9768?
True
Is 2626176 a multiple of 28?
True
Is 528750 a multiple of 25?
True
Is 2816400 a multiple of 24?
True
Is 4880 a multiple of 16?
True
Is 182268 a multiple of 61?
True
Does 29 divide 682844?
False
Is 224 a factor of 1204189?
False
Is 19 a factor of 137256?
True
Does 90 divide 4140?
True
Does 16 divide 1017604?
False
Is 81 a factor of 724285?
False
Is 56 a factor of 3529512?
True
Is 4620629 a multiple of 7?
False
Is 2859912 a multiple of 72?
True
Does 40 divide 251360?
True
Does 68 divide 442204?
True
Is 684018 a multiple of 200?
False
Is 27 a factor of 58428?
True
Is 13214272 a multiple of 65?
False
Is 28 a factor of 22680?
True
Is 3913730 a multiple of 36?
False
Is 5068635 a multiple of 51?
True
Does 68 divide 3011312?
True
Is 159903 a multiple of 163?
True
Does 8 divide 41046?
False
Does 77 divide 149997?
False
Is 576852 a multiple of 159?
True
Is 13228901 a multiple of 29?
True
Is 34 a factor of 98028?
False
Is 234 a factor of 106236?
True
Is 1415400 a multiple of 1011?
True
Is 282 a factor of 729252?
True
Does 315 divide 945000?
True
Is 9185680 a multiple of 1396?
True
Is 33 a factor of 127105?
False
Does 3 divide 3293?
False
Is 40 a factor of 51120?
True
Is 271815 a multiple of 75?
False
Is 2524600 a multiple of 10?
True
Does 10 divide 231424?
False
Does 369 divide 202581?
True
Is 1149207 a multiple of 35?
False
Is 50 a factor of 100195?
False
Is 129104 a multiple of 11?
False
Is 16 a factor of 200078?
False
Is 213393 a multiple of 249?
True
Is 64637 a multiple of 109?
True
Does 158 divide 1099996?
True
Does 129 divide 941958?
True
Does 25 divide 2977236?
False
Is 68 a factor of 98681?
False
Is 2801396 a multiple of 3?
False
Does 54 divide 28512?
True
Is 2037409 a multiple of 48?
False
Does 97 divide 280524?
True
Does 117 divide 483336?
False
Does 92 divide 211122?
False
Is 31 a factor of 2987609?
False
Is 99 a factor of 3972870?
True
Does 963 divide 1137303?
True
Is 1259 a factor of 9377035?
False
Does 22 divide 1085986?
True
Is 121 a factor of 28919?
True
Does 410 divide 3438670?
True
Does 22 divide 1676400?
True
Is 1215732 a multiple of 21?
True
Is 6020316 a multiple of 534?
True
Is 14 a factor of 507262?
True
Is 29 a factor of 5984672?
True
Is 6071230 a multiple of 1067?
True
Does 84 divide 206136?
True
Is 1804254 a multiple of 8?
False
Is 9486 a multiple of 62?
True
Is 2023633 a multiple of 10?
False
Is 38 a factor of 18681?
False
Is 278039 a multiple of 31?
True
Is 507677 a multiple of 154?
False
Is 1431046 a multiple of 10?
False
Does 130 divide 2524470?
True
Is 2090536 a multiple of 28?
True
Does 368 divide 32963?
False
Does 6 divide 1755?
False
Does 274 divide 1002250?
False
Does 6 divide 201903?
False
Is 949935 a multiple of 249?
True
Is 28 a factor of 16139648?
True
Is 16221 a multiple of 5?
False
Is 72 a factor of 31016088?
True
Is 8 a factor of 1131653?
False
Is 12600 a multiple of 25?
True
Is 3211825 a multiple of 25?
True
Does 295 divide 4943905?
True
Does 62 divide 1153572?
True
Is 18 a factor of 8532?
True
Is 17210175 a multiple of 20?
False
Does 141 divide 216435?
True
Is 9 a factor of 18901215?
True
Does 269 divide 555216?
True
Is 282597 a multiple of 38?
False
Is 28 a factor of 2080764?
True
Does 57 divide 1052847?
True
Is 97098 a multiple of 3?
True
Is 128940 a multiple